on factor of 17 and 7123.
17
Calculate the greatest common divisor of 126 and 477.
9
What is the highest common divisor of 2380 and 1071?
119
What is the greatest common divisor of 116 and 8?
4
Calculate the highest common divisor of 84 and 103656.
84
What is the greatest common factor of 115 and 184?
23
Calculate the highest common divisor of 549 and 9.
9
What is the highest common factor of 65 and 13?
13
What is the highest common factor of 62960 and 80?
80
What is the highest common divisor of 49 and 73451?
49
Calculate the highest common factor of 1251 and 9.
9
Calculate the highest common factor of 15 and 255.
15
What is the greatest common divisor of 154 and 448?
14
What is the greatest common divisor of 111 and 925?
37
What is the highest common divisor of 4 and 2732?
4
Calculate the greatest common divisor of 129 and 10191.
129
What is the highest common factor of 38 and 1102?
38
Calculate the greatest common factor of 207 and 4393.
23
Calculate the highest common factor of 1036 and 11655.
259
What is the highest common divisor of 187 and 22?
11
What is the greatest common divisor of 2856 and 48?
24
Calculate the highest common factor of 72 and 3852.
36
Calculate the greatest common divisor of 61 and 549.
61
What is the highest common divisor of 171 and 6612?
57
Calculate the highest common divisor of 803 and 77.
11
Calculate the highest common factor of 2064 and 108.
12
Calculate the greatest common factor of 33 and 1243.
11
What is the greatest common factor of 2070 and 360?
90
What is the highest common divisor of 1089 and 429?
33
Calculate the greatest common divisor of 123 and 3075.
123
What is the greatest common divisor of 4 and 50?
2
Calculate the greatest common divisor of 1000 and 425.
25
What is the highest common divisor of 1296 and 16?
16
Calculate the greatest common factor of 19 and 133.
19
What is the highest common divisor of 69 and 138?
69
Calculate the highest common factor of 55 and 25355.
55
Calculate the greatest common divisor of 368 and 4508.
92
Calculate the highest common factor of 667 and 23.
23
Calculate the greatest common divisor of 2048 and 96.
32
Calculate the highest common factor of 11180 and 1300.
260
Calculate the highest common factor of 3110 and 150.
10
Calculate the greatest common factor of 12 and 3.
3
Calculate the greatest common factor of 68 and 2788.
68
What is the highest common divisor of 28 and 15316?
28
What is the greatest common factor of 30 and 130?
10
Calculate the highest common divisor of 15689 and 58.
29
Calculate the greatest common factor of 1120 and 105.
35
What is the greatest common factor of 16 and 400?
16
What is the highest common divisor of 40 and 48?
8
Calculate the greatest common factor of 219 and 183.
3
What is the highest common divisor of 672 and 84?
84
What is the highest common divisor of 1100 and 44?
44
Calculate the greatest common divisor of 9455 and 155.
155
What is the highest common divisor of 376 and 16?
8
What is the greatest common divisor of 130 and 416?
26
What is the highest common factor of 12 and 96?
12
Calculate the highest common factor of 896 and 168.
56
Calculate the highest common factor of 18 and 153.
9
Calculate the greatest common factor of 17 and 31807.
17
What is the greatest common factor of 32 and 116?
4
Calculate the greatest common divisor of 3 and 31.
1
Calculate the greatest common divisor of 35 and 50.
5
Calculate the highest common divisor of 434 and 224.
14
What is the greatest common divisor of 981 and 109?
109
Calculate the greatest common factor of 54 and 216.
54
Calculate the highest common divisor of 6 and 138.
6
What is the greatest common divisor of 9450 and 175?
175
Calculate the highest common divisor of 525 and 25.
25
Calculate the greatest common factor of 198 and 666.
18
Calculate the highest common factor of 8 and 568.
8
Calculate the highest common factor of 10 and 410.
10
Calculate the highest common divisor of 5 and 115.
5
What is the highest common divisor of 224 and 992?
32
What is the highest common factor of 75 and 475?
25
What is the highest common divisor of 497 and 8662?
71
What is the highest common factor of 2790 and 6?
6
Calculate the highest common factor of 9303 and 105.
21
What is the highest common factor of 15 and 70?
5
What is the highest common factor of 282 and 9?
3
Calculate the highest common factor of 124 and 434.
62
What is the highest common divisor of 144 and 8766?
18
Calculate the greatest common divisor of 28 and 1876.
28
Calculate the greatest common divisor of 57 and 1539.
57
Calculate the highest common factor of 61212 and 12.
12
Calculate the highest common divisor of 24 and 10120.
8
Calculate the greatest common divisor of 305 and 122.
61
Calculate the greatest common factor of 202 and 909.
101
What is the highest common divisor of 13 and 12?
1
Calculate the highest common divisor of 4 and 1252.
4
Calculate the greatest common factor of 143 and 403.
13
Calculate the highest common factor of 30 and 170.
10
What is the greatest common factor of 52 and 7176?
52
What is the greatest common factor of 16 and 88?
8
What is the greatest common divisor of 337 and 1?
1
Calculate the highest common divisor of 140 and 315.
35
What is the greatest common factor of 4693 and 722?
361
What is the highest common factor of 5307 and 427?
61
Calculate the highest common divisor of 973 and 196.
7
What is the highest common divisor of 21 and 567?
21
What is the greatest common divisor of 603 and 268?
67
Calculate the greatest common divisor of 2651 and 44.
11
Calculate the greatest common divisor of 4505 and 255.
85
What is the highest common factor of 70 and 1750?
70
Calculate the highest common factor of 11 and 19657.
11
What is the highest common divisor of 32 and 256?
32
What is the highest common factor of 16 and 688?
16
What is the highest common factor of 49 and 14?
7
Calculate the greatest common factor of 34 and 17.
17
What is the highest common factor of 5780 and 40?
20
Calculate the highest common divisor of 138 and 506.
46
Calculate the greatest common divisor of 13 and 1651.
13
What is the highest common factor of 156 and 6?
6
What is the greatest common factor of 18984 and 168?
168
What is the greatest common factor of 7449 and 117?
39
Calculate the greatest common factor of 310 and 3790.
10
What is the greatest common factor of 304 and 160?
16
Calculate the greatest common factor of 540 and 24.
12
Calculate the highest common factor of 210 and 12.
6
What is the greatest common divisor of 140 and 190?
10
Calculate the greatest common divisor of 2738 and 37.
37
Calculate the greatest common divisor of 85 and 765.
85
What is the greatest common factor of 135 and 30?
15
What is the greatest common factor of 50 and 150?
50
What is the highest common factor of 531 and 9?
9
Calculate the greatest common divisor of 375 and 75.
75
Calculate the greatest common divisor of 117 and 18837.
117
Calculate the greatest common divisor of 325 and 115.
5
Calculate the highest common factor of 130 and 10.
10
Calculate the highest common divisor of 28139 and 38.
19
What is the greatest common factor of 6 and 506?
2
What is the greatest common divisor of 1127 and 3059?
161
Calculate the greatest common factor of 15125 and 121.
121
What is the greatest common factor of 59 and 1298?
59
What is the highest common divisor of 1548 and 99?
9
Calculate the greatest common factor of 5668 and 52.
52
What is the greatest common factor of 325 and 13?
13
Calculate the highest common factor of 42 and 44.
2
Calculate the greatest common divisor of 204 and 16.
4
What is the highest common factor of 21 and 357?
21
What is the greatest common divisor of 581 and 249?
83
What is the greatest common factor of 52 and 260?
52
Calculate the highest common divisor of 88 and 64.
8
Calculate the greatest common divisor of 58 and 4176.
58
Calculate the highest common divisor of 13 and 6799.
13
Calculate the greatest common factor of 47 and 799.
47
Calculate the greatest common factor of 7403 and 77.
11
Calculate the greatest common divisor of 1 and 9.
1
Calculate the highest common divisor of 393 and 131.
131
Calculate the highest common factor of 42 and 1281.
21
What is the highest common divisor of 4 and 132?
4
Calculate the highest c